{"id":89,"date":"2026-04-07T15:04:45","date_gmt":"2026-04-07T18:04:45","guid":{"rendered":"https:\/\/eletrocentermg.com.br\/?post_type=product&#038;p=89"},"modified":"2026-04-10T16:21:32","modified_gmt":"2026-04-10T19:21:32","slug":"tomada-industrial-de-sobrepor-negativa-linha-strahl-ip-44-miolo-intercambiavel","status":"publish","type":"product","link":"https:\/\/eletrocentermg.com.br\/index.php\/produto\/tomada-industrial-de-sobrepor-negativa-linha-strahl-ip-44-miolo-intercambiavel\/","title":{"rendered":"Tomada Industrial de Sobrepor Negativa Linha Strahl Ip 44 Miolo Intercambi\u00e1vel"},"content":{"rendered":"<div class=\"section-box description\" data-tab-id=\"#descricao\">\n<div class=\"board_htm\">\n<p>Para fazer o pedido correto, selecione a tens\u00e3o e corrente nominal desejada na janela do produto.<\/p>\n<h2>Principais vantagens na utiliza\u00e7\u00e3o das tomadas de sobrepor macho:<\/h2>\n<ul>\n<li>Evita erros de inser\u00e7\u00e3o com tens\u00f5es diferentes;<\/li>\n<li>N\u00e3o permite invers\u00e3o de polos;<\/li>\n<li>Permite a visualiza\u00e7\u00e3o de voltagem (tens\u00e3o) pela cor;<\/li>\n<li>Facilidade de manuten\u00e7\u00e3o na troca de miolos da Linha Strahl;<\/li>\n<li><strong>Miolo intercambi\u00e1vel;<\/strong><\/li>\n<li>NORMA NBR IEC 60309 &#8211; CEE 17 &#8211; VDE 0623.<\/li>\n<\/ul>\n<p>Direto de f\u00e1brica<br \/>\nProduto com nota fiscal<br \/>\nMarca Strahl<\/p>\n<h2>Pesquisas relacionadas:<\/h2>\n<ul>\n<li><a href=\"https:\/\/loja.strahl.com\/loja\/busca.php?loja=717867&amp;palavra_busca=Tomada+sobrepor\">Tomada sobrepor<\/a><\/li>\n<li><a href=\"https:\/\/loja.strahl.com\/loja\/busca.php?loja=717867&amp;palavra_busca=Tomada+industrial\">Tomada industrial<\/a><\/li>\n<li><a href=\"https:\/\/loja.strahl.com\/loja\/busca.php?loja=717867&amp;palavra_busca=Tomada+miolo+intercambi%E1vel\">Tomada miolo intercambi\u00e1vel<\/a><\/li>\n<li><a href=\"https:\/\/loja.strahl.com\/loja\/busca.php?loja=717867&amp;palavra_busca=Tomada+sobrepor+IP44\">Tomada sobrepor IP44<\/a><\/li>\n<li><a href=\"https:\/\/loja.strahl.com\/loja\/busca.php?loja=717867&amp;palavra_busca=Tomada+negativa\">Tomada negativa<\/a><\/li>\n<li><a href=\"https:\/\/loja.strahl.com\/loja\/busca.php?loja=717867&amp;palavra_busca=Tomada+sobrepor+macho\">Tomada sobrepor macho<\/a><\/li>\n<\/ul>\n<\/div>\n<\/div>\n<div class=\"section-box properties\" data-tab-id=\"#caracteristicas\">\n<div class=\"title-section\">Caracter\u00edsticas<\/div>\n<div class=\"board_htm\">\n<div>\n<ul>\n<li>Grau de Prote\u00e7\u00e3o: IP 44<\/li>\n<\/ul>\n<\/div>\n<\/div>\n<\/div>\n","protected":false},"excerpt":{"rendered":"<div class=\"section-box description\" data-tab-id=\"#descricao\">\n<div class=\"board_htm\">\n<ul>\n<li>Correntes Nominais:\u00a016A e 32A;<\/li>\n<li>N\u00famero de Polos: 3 (2P+T), 4 (3P+T) e 5 (3P+N+T);<\/li>\n<li>Tens\u00f5es (V): 110\/130V, 220\/240V e 380\/440V<\/li>\n<\/ul>\n<\/div>\n<\/div>\n<div class=\"section-box properties\" data-tab-id=\"#caracteristicas\">\n<div class=\"board_htm\">\n<div><\/div>\n<\/div>\n<\/div>\n","protected":false},"featured_media":90,"comment_status":"open","ping_status":"closed","template":"","meta":[],"product_brand":[],"product_cat":[35,25,36,21,27,37,22,23,44],"product_tag":[],"class_list":{"0":"post-89","1":"product","2":"type-product","3":"status-publish","4":"has-post-thumbnail","6":"product_cat-110-130v","7":"product_cat-16a","8":"product_cat-200-250v","9":"product_cat-3-polos-pinos","10":"product_cat-32a","11":"product_cat-380-415v","12":"product_cat-4-polos-pinos","13":"product_cat-5-polos-pinos","14":"product_cat-ip44-16a-e-32a","16":"first","17":"instock","18":"shipping-taxable","19":"purchasable","20":"product-type-simple"},"_links":{"self":[{"href":"https:\/\/eletrocentermg.com.br\/index.php\/wp-json\/wp\/v2\/product\/89","targetHints":{"allow":["GET"]}}],"collection":[{"href":"https:\/\/eletrocentermg.com.br\/index.php\/wp-json\/wp\/v2\/product"}],"about":[{"href":"https:\/\/eletrocentermg.com.br\/index.php\/wp-json\/wp\/v2\/types\/product"}],"replies":[{"embeddable":true,"href":"https:\/\/eletrocentermg.com.br\/index.php\/wp-json\/wp\/v2\/comments?post=89"}],"wp:featuredmedia":[{"embeddable":true,"href":"https:\/\/eletrocentermg.com.br\/index.php\/wp-json\/wp\/v2\/media\/90"}],"wp:attachment":[{"href":"https:\/\/eletrocentermg.com.br\/index.php\/wp-json\/wp\/v2\/media?parent=89"}],"wp:term":[{"taxonomy":"product_brand","embeddable":true,"href":"https:\/\/eletrocentermg.com.br\/index.php\/wp-json\/wp\/v2\/product_brand?post=89"},{"taxonomy":"product_cat","embeddable":true,"href":"https:\/\/eletrocentermg.com.br\/index.php\/wp-json\/wp\/v2\/product_cat?post=89"},{"taxonomy":"product_tag","embeddable":true,"href":"https:\/\/eletrocentermg.com.br\/index.php\/wp-json\/wp\/v2\/product_tag?post=89"}],"curies":[{"name":"wp","href":"https:\/\/api.w.org\/{rel}","templated":true}]}}