{"id":75,"date":"2026-04-07T13:00:18","date_gmt":"2026-04-07T16:00:18","guid":{"rendered":"https:\/\/eletrocentermg.com.br\/?post_type=product&#038;p=75"},"modified":"2026-04-07T13:00:18","modified_gmt":"2026-04-07T16:00:18","slug":"plugue-modelo-alemao-schuko-16a-250v-strahl-133-bc-plugue-modelo-alemao-schuko-16a-250v-strahl-133-bc-plugue-modelo-alemao-schuko-16a-250v-strahl-133-bc-plugue-modelo-alemao-schuko-16a-250v-strahl-133","status":"publish","type":"product","link":"https:\/\/eletrocentermg.com.br\/index.php\/produto\/plugue-modelo-alemao-schuko-16a-250v-strahl-133-bc-plugue-modelo-alemao-schuko-16a-250v-strahl-133-bc-plugue-modelo-alemao-schuko-16a-250v-strahl-133-bc-plugue-modelo-alemao-schuko-16a-250v-strahl-133\/","title":{"rendered":"Plugue Modelo Alem\u00e3o Schuko 16A 250V Strahl 133\/BC Plugue Modelo Alem\u00e3o Schuko 16A 250V Strahl 133\/BC Plugue Modelo Alem\u00e3o Schuko 16A 250V Strahl 133\/BC Plugue Modelo Alem\u00e3o Schuko 16A 250V Strahl 133\/BC"},"content":{"rendered":"<h1>Plugue Modelo Alem\u00e3o Schuko 16A 250V Strahl 133\/BC<\/h1>\n<p>A\u00a0<strong>tomada Schuko<\/strong>\u00a0\u00e9 um padr\u00e3o de tomada da Alemanha, \u00e9 comumente utilizada para liga\u00e7\u00e3o de fornos el\u00e9tricos,\u00a0<strong>equipamentos m\u00e9dicos ou m\u00e1quinas importadas da Europa<\/strong>.<\/p>\n<h2>Quais s\u00e3o as especifica\u00e7\u00f5es t\u00e9cnicas do plugue modelo alem\u00e3o 133\/BC?<\/h2>\n<ul>\n<li>Cor: Branco;<\/li>\n<li>Tens\u00e3o nominal: 250V;<\/li>\n<li><strong>Corrente nominal: 16A;<\/strong><\/li>\n<li>Material: Nylon 6.6;<\/li>\n<li>Di\u00e2metro dos pinos: 4,8mm;<\/li>\n<li>Grau de prote\u00e7\u00e3o: IP 44;<\/li>\n<li>Sec\u00e7\u00e3o nominal dos cabos: 1,5~2,5mm\u00b2;<\/li>\n<li>Comprimento do produto: 103mm;<\/li>\n<li>Di\u00e2metro do produto: 42mm.<\/li>\n<\/ul>\n<h2>Quais as caracter\u00edsticas e vantagens em utilizar o plugue alem\u00e3o STRAHL?<\/h2>\n<ul>\n<li>Segue a norma DIN 49440\/41 &#8211; VDE 0620;<\/li>\n<li>O contato terra \u00e9 duplo, dando maior seguran\u00e7a;<\/li>\n<li>Ao conectar e desconectar o plugue, n\u00e3o existe o risco do operador tocar os contatos sob tens\u00e3o;<\/li>\n<li>Possui guia para conex\u00e3o correta;<\/li>\n<li>Ao conectar, o contato do terra ocorre antes dos pinos fase.<\/li>\n<\/ul>\n<p>Direto da f\u00e1brica<br \/>\nProduto com nota fiscal<br \/>\nMarca Strahl<\/p>\n<div><\/div>\n<div class=\"title-section\">FAQ &#8211; Tomadas e Plugues Industriais<\/div>\n<div data-id=\"#AbaPersonalizadaConteudo30\">\n<div id=\"AbaPersonalizadaConteudo30\" class=\"prodBox\">\n<div class=\"board aba_personalizada\">\n<h3>O que \u00e9 tomada industrial?<\/h3>\n<p>Tomadas industriais s\u00e3o mais robustas, agindo como ponto de conex\u00e3o para o fornecimento de eletricidade a diversas m\u00e1quinas e equipamentos industriais, suportando correntes muito maiores que as tomadas convencionais.<\/p>\n<h3>Por que usar tomada industrial?<\/h3>\n<p>A tomada industrial, pode garantir o funcionamento das m\u00e1quinas por maior tempo, trazendo maior seguran\u00e7a para a linha de produ\u00e7\u00e3o e colaboradores, e por consequ\u00eancia evitando que acidentes ocorram. Fabricada de acordo com a Norma NBR IEC60309 &#8211; CEE 17 &#8211; CDE 0623 resulta em uma f\u00e1cil manuten\u00e7\u00e3o, pois pode ser utilizada com diversas outras fabricantes, garantindo o encaixe entre marcas variadas, desde que respeitem o mesmo n\u00famero de polos, tens\u00e3o e corrente.<\/p>\n<h3>Como funciona tomada industrial?<\/h3>\n<p>As tomadas e plugues industriais possuem tr\u00eas quantidades de pinos de acordo com a utiliza\u00e7\u00e3o, s\u00e3o eles:<\/p>\n<ul>\n<li><strong>2P+T:<\/strong>\u00a0Podendo ser utilizada como 2 Fases + Terra ou Fase + Neutro + Terra.<\/li>\n<li><strong>3P + T:<\/strong>\u00a0Podendo ser utilzado como 3 Fases + Terra ou 2 Fases + Neutro + Terra.<\/li>\n<li><strong>3P + N + T:<\/strong>\u00a0Para 3 Fases + Neutro + Terra.<\/li>\n<\/ul>\n<h3>O que \u00e9 uma tomada com miolo intercambi\u00e1vel?<\/h3>\n<p>Nossa linha de miolo intercambi\u00e1vel possui como principal tecnologia um miolo pr\u00e1tico e f\u00e1cil de se manusear, podendo ser desparafusado sem a necessidade de desmontar totalmente a pe\u00e7a. Uma outra vantagen dessa linha \u00e9 a praticidade em alternar os miolos, podendo fazer a troca de um miolo macho para um f\u00eamea em instantes.<\/p>\n<h3>O que \u00e9 uma tomada monobloco?<\/h3>\n<p>Nossa linha de miolo monobloco tem como caracter\u00edstica principal o seu miolo embutido ao corpo do produto em uma unica pe\u00e7a, trazendo praticidade em sua instala\u00e7\u00e3o el\u00e9trica. Diferente do miolo intercambi\u00e1vel o monobloco n\u00e3o possibilita a invers\u00e3o de miolos.<\/p>\n<h3>Quais os tipos de tomadas industriais?<\/h3>\n<ul>\n<li>Plugue<\/li>\n<li>Tomada de embutir<\/li>\n<li>Tomada de sobrepor<\/li>\n<li>Tomada Acoplamento<\/li>\n<\/ul>\n<h3>O que significa grau de prote\u00e7\u00e3o IP?<\/h3>\n<p>O IP (\u00ecndice de prote\u00e7\u00e3o) indica qual o grau de prote\u00e7\u00e3o do equipamento, que pode ser de IP 44 a IP 67 (a prova d\u2019\u00e1gua). A Strahl trabalha com duas linhas de tomadas industriais, sendo elas de IP 44 para usos que n\u00e3o necessitam de um grau de prote\u00e7\u00e3o elevados e IP 67 para usos que exijam que as tomadas ou plugues sejam a prova d\u2019\u00e1gua.<\/p>\n<p>&nbsp;<\/p>\n<h3>O que significa 2P + T nas tomadas?<\/h3>\n<p>\u00c9 uma tomada possui tr\u00eas pontos para conex\u00e3o dos condutores, fase , neutro e terra. Os condutores fase e neutro s\u00e3o carregados, e por eles circula a corrente el\u00e9trica do circuito.<\/p>\n<h3>Qual voltagem tem uma tomada de 20A?<\/h3>\n<p>A tomada tanto de embutir ou sobrepor 2P+T de 20A da Strahl s\u00e3o Bivolt atendendo 110\/130V e 220\/240V.<\/p>\n<h3>Qual eletrodom\u00e9stico deve ser ligado na tomada de 20A?<\/h3>\n<p>A tomada de 20A \u00e9 para produtos como micro-ondas, secadores de cabelo, fog\u00f5es, fornos el\u00e9tricos, auto-claves, aspirador de p\u00f3, m\u00e1quina de lavar roupas, fritadeiras, ferros de passar e etc.<\/p>\n<h3>Onde utilizar as tomadas modelo Schuko?<\/h3>\n<p>As tomadas e plugues conhecidos por modelo Schuko s\u00e3o utilizados em equipamentos, maquin\u00e1rios, eletrodom\u00e9sticos que possui o padr\u00e3o alem\u00e3o.<\/p>\n<h3>Quais s\u00e3o os tipos de tomadas padr\u00e3o alem\u00e3o?<\/h3>\n<p>A Strahl trabalha com diversos modelos de tomadas Schuko, s\u00e3o elas:<\/p>\n<ul>\n<li>Tomada acoplamento;<\/li>\n<li>Tomada com espelho, nas cores azul e cinza;<\/li>\n<li>Tomada de embutir, nas cores azul e cinza;<\/li>\n<li>Tomada de sobrepor, nas cores azul e cinza;<\/li>\n<li>Plugue.<\/li>\n<\/ul>\n<h3>O que significa grau de prote\u00e7\u00e3o IP?<\/h3>\n<p>O IP (\u00ecndice de prote\u00e7\u00e3o) indica qual o grau de prote\u00e7\u00e3o do equipamento, que pode ser de IP 44 a IP 67. A Strahl trabalha com duas linhas de tomadas industriais, sendo elas de IP 44 para usos que n\u00e3o necessitam de um grau de prote\u00e7\u00e3o elevados e IP 67 para usos que exijam que as tomadas ou plugues sejam a prova d\u2019\u00e1gua.<\/p>\n<\/div>\n<\/div>\n<\/div>\n","protected":false},"excerpt":{"rendered":"<p>Plugue Modelo Alem\u00e3o Schuko 16A 250V Strahl 133\/BC A\u00a0tomada Schuko\u00a0\u00e9 um padr\u00e3o de tomada da Alemanha, \u00e9 comumente utilizada para liga\u00e7\u00e3o de fornos el\u00e9tricos,\u00a0equipamentos m\u00e9dicos ou m\u00e1quinas importadas da Europa. Quais s\u00e3o as especifica\u00e7\u00f5es t\u00e9cnicas do plugue modelo alem\u00e3o 133\/BC? Cor: Branco; Tens\u00e3o nominal: 250V; Corrente nominal: 16A; Material: Nylon 6.6; Di\u00e2metro dos pinos: 4,8mm; [&hellip;]<\/p>\n","protected":false},"featured_media":76,"comment_status":"open","ping_status":"closed","template":"","meta":[],"product_brand":[],"product_cat":[25,36,21],"product_tag":[],"class_list":{"0":"post-75","1":"product","2":"type-product","3":"status-publish","4":"has-post-thumbnail","6":"product_cat-16a","7":"product_cat-200-250v","8":"product_cat-3-polos-pinos","10":"first","11":"instock","12":"shipping-taxable","13":"purchasable","14":"product-type-simple"},"_links":{"self":[{"href":"https:\/\/eletrocentermg.com.br\/index.php\/wp-json\/wp\/v2\/product\/75","targetHints":{"allow":["GET"]}}],"collection":[{"href":"https:\/\/eletrocentermg.com.br\/index.php\/wp-json\/wp\/v2\/product"}],"about":[{"href":"https:\/\/eletrocentermg.com.br\/index.php\/wp-json\/wp\/v2\/types\/product"}],"replies":[{"embeddable":true,"href":"https:\/\/eletrocentermg.com.br\/index.php\/wp-json\/wp\/v2\/comments?post=75"}],"wp:featuredmedia":[{"embeddable":true,"href":"https:\/\/eletrocentermg.com.br\/index.php\/wp-json\/wp\/v2\/media\/76"}],"wp:attachment":[{"href":"https:\/\/eletrocentermg.com.br\/index.php\/wp-json\/wp\/v2\/media?parent=75"}],"wp:term":[{"taxonomy":"product_brand","embeddable":true,"href":"https:\/\/eletrocentermg.com.br\/index.php\/wp-json\/wp\/v2\/product_brand?post=75"},{"taxonomy":"product_cat","embeddable":true,"href":"https:\/\/eletrocentermg.com.br\/index.php\/wp-json\/wp\/v2\/product_cat?post=75"},{"taxonomy":"product_tag","embeddable":true,"href":"https:\/\/eletrocentermg.com.br\/index.php\/wp-json\/wp\/v2\/product_tag?post=75"}],"curies":[{"name":"wp","href":"https:\/\/api.w.org\/{rel}","templated":true}]}}